50*i. Let n(a) = 25*g(a) + l(a). Calculate n(1).
25
Let d(w) be the second derivative of -w**7/2520 - w**6/144 + w**5/20 - 13*w**4/6 - 40*w. Let s(r) be the third derivative of d(r). Give s(-5).
6
Let r(x) = -3*x**3 - x**2 + 9*x - 6. Let d be r(3). Let w = 68 + d. Let c(f) = f**3 + 2*f**2. Give c(w).
1
Let n(q) be the second derivative of -q**4/12 - 5*q**3/6 - 6*q**2 + 171*q. Determine n(-4).
-8
Let u(a) = -2*a**3 - 2*a**2 + a. Let z be (-288)/180 + (-4)/10. Give u(z).
6
Let j(z) = -488 - 2*z**2 + 246 - 6*z + 246 + 4*z - z. What is j(-4)?
-16
Let z = -2 - -4. Let s(g) = -g - 4. Let d(w) = -3*w - 3. Let o(l) = -4*d(l) + 3*s(l). Give o(z).
18
Let y(b) = 2*b. Let g be y(2). Suppose g*v = v + 6. Let j be (-3 - -4)/(1 - v). Let k(i) = 5*i**2 - i. Calculate k(j).
6
Let s(c) be the second derivative of -c**5/20 - 7*c**4/12 + c**3/3 - 5*c**2/2 + 727*c. Give s(-6).
-53
Let p(k) = -k + 2. Let o(q) = q - 1. Let f(z) = 6*o(z) + 5*p(z). Suppose -9*n - 13 = 23. Give f(n).
0
Let v(m) = m**3 + 10*m**2 + 9*m - 6. Let a = -71 + 62. Give v(a).
-6
Let t be (50/20)/(-1 + 1/2). Let y(v) = v**3 + 4*v**2 + 2*v - 2. Give y(t).
-37
Suppose -6*l - 16 = -2*l, -2*l + 2 = 2*j. Suppose 16 = -9*b + j*b. Let m(d) = 2*d - 4. What is m(b)?
-12
Let h = 3191 + -3191. Let y(k) = k**2 + 6*k. Give y(h).
0
Let s(q) be the third derivative of -q**5/60 - q**4/3 + 11*q**3/6 + 24*q**2. Suppose -2*t - 39 = 5*f + t, -t = 5*f + 43. Give s(f).
2
Let l be (99/(-18))/((-2)/8). Let n = l - 29. Let w(i) = i + 4. Calculate w(n).
-3
Let k(o) = 3*o - 30. Let l(v) = v**3 - 7*v**2 + 16*v - 4. Let i be l(4). Determine k(i).
6
Let c(v) = v**2 + 13*v + 1. Let s(q) = 2*q**2 + 25*q + 3. Let x(f) = 5*c(f) - 3*s(f). Let p be x(-9). Let u = p - 9. Let w(o) = -3*o - 4. What is w(u)?
8
Suppose -k - 18 = 8*k. Let d(v) = 5*v**3 + 3*v**2 - 2*v - 2. Let o(q) = -q**3 - q**2. Let z(u) = -d(u) - 6*o(u). Calculate z(k).
2
Let y(o) = o**2 - o - 1. Let c(m) = -30*m - 36. Let d(r) = -14*r - 17. Let p(j) = 6*c(j) - 13*d(j). Let z = -6 + 10. Let w(u) = z*y(u) + p(u). What is w(1)?
3
Let m(w) = -w**3 - 2*w**2 + 2*w + 2. Let c(x) = x**3. Let h(i) = 3*i**3. Let v(n) = -7*c(n) + 3*h(n). Let t be v(1). Calculate m(t).
-10
Suppose -17 = 2*p - 7. Let v(g) = -2*g**2 + 8*g - 5. Let s(b) = 3*b**2 - 9*b + 6. Let u(h) = p*s(h) - 6*v(h). Let z be 4/(-3) - (-4)/(-6). Calculate u(z).
-6
Let s(v) be the second derivative of v**3/6 - 2*v**2 - 40*v + 19. Suppose -27 = -4*k - 7. Determine s(k).
1
Let s = -202 - -197. Let n(w) = -w**2 - 4*w + 9. Determine n(s).
4
Let w(u) = -15*u**3 + 7*u**2 - 7*u**3 + 1 - 8*u**3 + 5 + 29*u**3 - 4*u. What is w(5)?
36
Let f(d) = d**3 + 6*d**2 - 6*d + 7. Let b be f(-7). Let a be (b/(-2) - 1)*(-7 + 3). Let j(i) = 4*i - 2. What is j(a)?
14
Let t(s) be the third derivative of -s**5/12 - s**4/24 - s**3/6 - 104*s**2. Determine t(-1).
-5
Let p(t) be the third derivative of -t**5/60 + 5*t**4/12 - 3*t**3/2 + 92*t**2. What is p(10)?
-9
Let f(n) = n + 2. Let w = -2 - -9. Suppose 3*m - i = 10, m + m - 8 = i. Suppose -s - m = -w. Determine f(s).
7
Let v be 64/11 + 10/55. Suppose 0 = 2*y + y + v. Let l(p) be the second derivative of p**4/12 + p**3/3 - p**2/2 - 199*p. Determine l(y).
-1
Let b(m) = -m**2 - 12*m - 1. Let l(c) = -c**2 + c + 16. Let u be l(-5). Calculate b(u).
-29
Suppose -4*f + 28 = 3*i - 63, 4*f - 92 = -4*i. Let n = -22 + f. Let k(t) = t - 7. What is k(n)?
-7
Suppose b - n = -0*n - 1, -5*b - 4*n + 40 = 0. Suppose 77 = b*y + 3*y. Let p(i) = -2*i + 16. Calculate p(y).
-6
Let f(y) = -y - 3. Let x(c) = 19*c**2 - 1. Let u be x(2). Let h be (-2)/5 + (-270)/u. Give f(h).
1
Let h(q) = -28*q + 10. Let f(w) = -10*w + 3. Let o(n) = -7*f(n) + 2*h(n). What is o(-2)?
-29
Let p(l) = -4*l - 3. Suppose 2*t + 2 = -2*k, 5*k = 3*t + 38 + 5. Calculate p(t).
21
Let s = 19 + -13. Let m(w) = 2*w**2 - 3*w. Let u be m(2). Let z(j) = -9*j + j**2 - 8 + j + u*j. Determine z(s).
-8
Let y(t) = t**3 - 6*t**2 + t - 3. Let p = 24 - 24. Let s be -4 + 29 - p - 3. Let n = s + -16. Calculate y(n).
3
Let x = -6 - -6. Suppose 0 = 2*a - 4*w + 10, x*a + 5*w = 2*a + 12. Let b(h) = 8*h**3 - h**2 - h - 1. Determine b(a).
-9
Let d(i) be the second derivative of 0 + 8*i + 2*i**2 - 1/6*i**3. What is d(3)?
1
Let n(d) = -8*d**3 - d**2 - d - 1. Let v(q) = -8*q - 12. Let h be v(-7). Suppose -k + 43 - h = 0. Determine n(k).
7
Let n be (-2)/6 - (-57)/9. Let l(t) = 1 + 11 - t**2 - n*t - 5. Determine l(-7).
0
Let w(q) = 15*q**2 - 7*q - 28. Let p(y) = -8*y**2 + 4*y + 15. Let b(i) = -11*p(i) - 6*w(i). Determine b(3).
-21
Suppose 0 = -5*y - 4*t + 17, 5*y + 2*t = 3*y + 6. Suppose w - y + 7 = 0. Let u(j) = -7*j - 2. Determine u(w).
12
Let u(j) be the first derivative of -j**4/2 + 2*j**3 - j**2/2 - 3*j + 472. Give u(3).
-6
Let b be (-1 - 0) + 4 + 2. Suppose -3*k - b*p = -6*k - 25, 15 = 3*p. Let u(w) = -w - 1. Let s(n) = -5*n - 11. Let x(j) = s(j) - 4*u(j). Give x(k).
-7
Let a(q) be the third derivative of -q**6/45 + q**4/24 + 4*q**3 - 2*q**2. Let j(x) be the first derivative of a(x). Calculate j(-1).
-7
Let h(p) = p**2 - 7*p + 4. Suppose 3*t - 2*t = 2. Suppose 4*y + z = 2*z + 16, -4*y + 12 = -t*z. Calculate h(y).
-6
Let n be (-33)/(-22) + 5/2. Let c(d) = -2*d - 5 + 7*d - 2*d - d. Give c(n).
3
Let z(n) = n**2 + 7*n - 14. Let g be (74/6 - 12)/((-3)/90). Calculate z(g).
16
Let x be 3 - 3 - (-4 + -1). Let d(j) = -3*j - 4*j + 6*j - 33 + 33. What is d(x)?
-5
Let k(f) be the third derivative of -f**5/60 - f**4/3 - 2*f**3/3 - 4*f**2. Let n be (-15)/(-4)*1*4. Suppose 5*j + a + 10 = -20, -4*a = -j + n. Calculate k(j).
11
Let h(b) = -25*b + 5. Let j(k) = -17*k + 3. Let l(s) = 5*h(s) - 8*j(s). Let z = -141 + 140. What is l(z)?
-10
Let g(k) = 6*k + 7. Let b(x) = 6*x**2 - x - 1. Let d be b(1). Let c(p) = -5*p - 6. Let i(v) = d*c(v) + 3*g(v). Calculate i(-4).
5
Let l be (14 - (-177)/(-12))*(-16)/2. Let n(d) = -d**2 + 5*d + 2. Calculate n(l).
-4
Suppose 43*g = 46*g. Let p(a) = -a**2 + 12. What is p(g)?
12
Let y(a) be the second derivative of 0 - 4*a + a**3 + 1/12*a**4 + 3*a**2. Give y(-6).
6
Suppose 11 - 11 = 7*h. Suppose h = -7*n + 14*n - 63. Let k(t) = -t**2 + 10*t - 2. What is k(n)?
7
Let v(i) be the third derivative of -i**6/60 - i**4/12 - i**3/6 + 438*i**2. What is v(-1)?
3
Suppose 132 = 4*v + 84. Suppose -20*p - 40 = -v*p. Let q(n) = -n**2 - 5*n + 2. Give q(p).
2
Let u(m) be the first derivative of -10*m**3/3 - m**2 - m + 43. Calculate u(-1).
-9
Let c(o) = 5*o + 6. Let i(x) = -4*x - 5. Let w = 13 - 18. Let u(s) = w*c(s) - 6*i(s). What is u(-4)?
4
Let f(h) be the second derivative of h**5/20 - h**4/4 - 10*h**3/3 + 7*h**2 + 41*h + 2. Give f(6).
2
Let y be 1 + 2 + (-15)/5. Suppose y = -4*r - 5*g + 7 - 4, -3*g = 4*r - 5. Let q(s) = 6*s. Let l(d) = 11*d - 1. Let f(b) = 3*l(b) - 5*q(b). Determine f(r).
3
Let x(t) = -10*t - 1. Let m(c) = 4*c - 11*c - 4*c - 1. Let i(a) = a**2 - 32*a - 110. Let h be i(35). Let w(l) = h*x(l) + 4*m(l). What is w(-1)?
-5
Let c(y) be the second derivative of y**5/20 + 7*y**4/12 - y**3/6 + 3*y**2 + y. Let a be (-6)/(-51) - (-605)/(-85). What is c(a)?
13
Suppose 12*c - 90 = 90. Let y(b) = 2 + c*b**2 - 16*b**2 + 7 - 6*b - b. What is y(-9)?
-9
Let l(a) = -a**3 + 13*a**2 - 16. Suppose 14*o + 0*o - 182 = 0. Give l(o).
-16
Let g be 95 - 100 - (-8 - 0). Let a(d) = -d**2 - 2*d + 3. Determine a(g).
-12
Let c(z) = -5*z + 3 - 11*z + 17*z. Let f(k) = -k**2 - 30*k - 164. Let u be f(-7). Give c(u).
0
Let o(a) = 5*a - 2. Let m(z) = -z**3 + 18*z**2 + 17*z + 8. Let d be m(19). Let b = d - -32. What is o(b)?
8
Let r = -252 - -253. Let l(k) = 6*k**3 - 2*k + 1. What is l(r)?
5
Let p(d) = -2*d + 21. Let s be p(11). Let i(h) = -5*h**2 - 2*h - 1. What is i(s)?
-4
Let i(r) = 1 - 12*r + 17*r - 6*r. Let q be i(-2). Let c(a) = -1 + 0 + 2 + 2*a - q*a. What is c(-5)?
6
Let l(s) = s**2 - 3*s - 2. Suppose -30 + 2 = -4*v. Let u be (1/(-4))/(((-21)/36)/v). Give l(u).
-2
Suppose 2*g + 6 = -4. Let r(s) be the third derivative of -s**4/24 + s**3/6 - s**2. Let q(f) = 2*f - 1. Let k(c) = g*r(c) - 4*q(c). What is k(-2)?
5
Let j(g) = 23*g + 269. Let i be j(-12). Let o(y) = -4*y - 22. Give o(i).
6
Suppose 6 = -2*g - 4*v, v - 48 = 26*g - 21*g. Let q(j) = 4*j - 7. Calculate q(g).
-43
Let x(l) = 15*l + 2203*l**2 - 17*l - 2200*l**2. Let f(i) = -i + 9. Let j be f(7). Calculate x(j).
8
Let z(t) be the 